. Give s(6).
-21
Let s = 80 + -81. Let c(d) = d**2 + d + 1. Determine c(s).
1
Let i(z) = -z + 2. Let d be i(-4). Let p(s) = -12 - 3*s - 3*s + d*s - s. Let q = 0 + -5. Give p(q).
-7
Let j = 1/15 + 23/30. Let r(a) be the third derivative of -j*a**3 + 0*a - 1/24*a**4 + 0 - a**2. Give r(-4).
-1
Let h(w) be the second derivative of w**4/12 - 7*w**3/6 + 4*w**2 + 8*w. Let z be (9/12)/(3/24). Calculate h(z).
2
Let o(h) = 11*h**2 + 8*h - 1. Let x(y) = 6*y**2 + 4*y - 1. Let i(d) = -4*o(d) + 7*x(d). Suppose 0 = -4*l - 5 + 29. Let u be (l/15)/((-2)/10). Determine i(u).
-3
Let o(i) be the second derivative of 1/12*i**4 + 5*i - i**2 + 0*i**3 - 1/20*i**5 + 0. Give o(2).
-6
Let m(a) = a. Let s(t) = -21*t. Let q(c) = -15*m(c) - s(c). Suppose -3*w - 5 + 2 = 0. Give q(w).
-6
Suppose 3*j = 4*j - 5. Let h be 3 - (-2)/(8/(-12)). Let s(d) = -1 + 7*d + d**3 + h*d**3 - 6*d**2 - 6. What is s(j)?
3
Let i(u) = 11*u**2 - 7*u - 5. Let v(j) = 2*j**2 - 2*j + 4. Let r(t) = 5*t**2 - 5*t + 11. Let s(g) = -3*r(g) + 8*v(g). Let n(y) = -i(y) + 6*s(y). Determine n(1).
-5
Let u(n) = -3*n**2 - 5*n + 1. Let x(k) = k**2 - k. Let t(s) = u(s) + 2*x(s). Calculate t(-7).
1
Suppose 0 = 2*l + l - 6. Let o(q) = -4 - 1 - 2*q + q**2 - l + 1. Calculate o(5).
9
Let h(v) = -v - 1. Let l be h(-3). Suppose o = -1 - l. Let p(u) be the second derivative of -u**3/6 - 3*u**2/2 - u. Calculate p(o).
0
Let u(s) be the first derivative of -s**3/3 + 3*s**2/2 + 3*s - 17. Calculate u(-2).
-7
Let u(k) be the third derivative of -1/12*k**4 - 4*k**2 + 0 + 0*k + 1/2*k**3. Let r(w) = w**3 - 4*w**2 + 5*w - 3. Let y be r(3). Calculate u(y).
-3
Let f(k) be the first derivative of -k**2 - 6*k + 44. What is f(-6)?
6
Let v(w) = 4*w**2 + 11*w + 4. Let h(b) = b**2 + b - 1. Let y(p) = -3*h(p) + v(p). Calculate y(-7).
0
Let c = 100 - 102. Let l(b) = -2*b**2 - b. What is l(c)?
-6
Let g(s) = -s. Let c(f) = -4*f + 2. Let j(a) = -c(a) + 3*g(a). Determine j(7).
5
Suppose 3*d - 12 + 0 = 0. Suppose -3*k + k + d = 0. Let y(t) = -3*t**2 + 2*t - k*t**3 + 0*t**3 + 3*t**3. Give y(2).
0
Let d(c) = 7*c + 1. Let p(h) = 3*h + 1. Let z(x) = 2*d(x) - 5*p(x). What is z(8)?
-11
Let z be ((-12)/(-9))/((-2)/3). Let s = z - -6. Let c(i) = i**2 - 4*i + 2. Determine c(s).
2
Let q(f) = -f**2 - 3*f + 4. Suppose 0 = g + g - 8. Suppose g*l = -5*b - 17, -3*b = 4*l + 12 - 5. What is q(b)?
-6
Let c(r) = r + 2. Suppose 2*z = 5*d + 13, -2*z - 7 = -7*z + 4*d. Give c(z).
1
Let q = -1 - 0. Suppose -6 = -4*b + b. Let s(w) = -19*w + 1 - 2*w**b + 19*w + 5*w**3. Determine s(q).
-6
Let b(y) be the third derivative of y**5/4 - y**2. Calculate b(-1).
15
Let r(h) = -3*h**2 + 2*h**2 - 4 + h + 3*h. Suppose 4*j + 0*j - 16 = 0. Suppose 6 = 3*w - y, -7*w + 2*w + 3 = -j*y. Give r(w).
-1
Let r(b) = -2*b**3 - 4*b**2 - 4*b - 2. Let q = -24 + 22. Calculate r(q).
6
Let x be (-4)/(-1) - (0 + 2). Let n = -1 + x. Let c(w) be the third derivative of -7*w**5/60 + w**4/24 - w**3/6 - 5*w**2. Determine c(n).
-7
Let i(t) = t**3 + t**2 + t - 10. Let l = 4 + -4. What is i(l)?
-10
Let h(n) be the second derivative of -n**3/6 + n**2 + n. Let b(j) = 2*j**2 + 2*j. Let l be b(-2). What is h(l)?
-2
Suppose 0*g = 4*x - 5*g, -5*x + g = 0. Let u(p) = p**2 + p + 13. Calculate u(x).
13
Let f(u) = -u - 3. Let z be f(-6). Suppose 0*v - z*j = -v - 11, 3*v + 3*j = 3. Let c(l) = 7*l + 3. Give c(v).
-11
Let x(o) = o**3 - 5*o**2 - 8*o - 4. Let s be 0 - -6 - (-11 - -11). What is x(s)?
-16
Suppose 0 = 3*n - 0 - 12. Let q(w) = -w**3 + 4*w**2 - 2*w + 2. Calculate q(n).
-6
Let r(l) = -15 + l + 39 - 25. What is r(-3)?
-4
Let u(m) = m**3 - m**2 + m + 2. Suppose 0 = -4*w + 8. Calculate u(w).
8
Let s(r) = -6*r + 1. Let m(y) = 23*y - 5. Let j(t) = 4*m(t) + 18*s(t). Let n(g) = 8*g + 1. Let l(p) = 3*j(p) + 5*n(p). Let v = -2 - -1. Give l(v).
7
Suppose -5*v = -2*v. Let u(q) = -1 + 2*q - 1 - q. What is u(v)?
-2
Suppose 2*b = 3*z + 23, -7*b + 4*b + 4*z = -33. Let g(v) = v**3 - 8*v**2 + 7*v - 7. Determine g(b).
-7
Let c(b) be the third derivative of -b**5/30 + b**4/12 - b**3/6 - b**2. Let l(m) = 6*m + 1 - 4 - 3 + 2*m - m**2. Let x be l(7). Determine c(x).
-1
Let q = -19 - -35. Suppose -4*u - 4*j = -2*u + 14, -3*u - 5*j - q = 0. Suppose 2*f + 1 = -u. Let l(o) = -o**2 + o + 2. Determine l(f).
-4
Suppose u = 3, 3*k - 7*k - u + 11 = 0. Let p(z) = -z**3 + z + 1. Let b(a) = -3*a**2 + 4*a + 4. Let v(f) = b(f) - 2*p(f). What is v(k)?
10
Suppose 2*k + 2 = 3*d - 0*k, 4*d - 36 = -4*k. Suppose -g - 5*s - 30 = 0, -2*g + s - d*s - 25 = 0. Let r(y) = -y**3 - 5*y**2 - y - 2. Determine r(g).
3
Let k(h) be the second derivative of -h**8/6720 - h**6/240 + h**5/40 + 7*h**4/12 + 7*h. Let t(v) be the third derivative of k(v). What is t(2)?
-11
Let t(b) be the first derivative of 3/2*b**2 - 3 + 3*b. Give t(-3).
-6
Let f(t) = t**3 + 4*t**2 + 1. Let d(u) = -u**3 - 7*u**2 + 9*u + 5. Let x be d(-8). Let y(i) = 2*i - 1 + 2 + 1. Let b be y(x). Give f(b).
1
Let h = -1 - -5. Let s = -2 + h. Let o(p) = 6 - s - 3*p**2 + 2*p**2. What is o(3)?
-5
Suppose -5*g = -3*g - 6. Let n(x) = -2*x + 3*x - 2*x**2 - g + 2*x. Determine n(3).
-12
Let m = -24 + 48. Suppose -7*j + b + m = -3*j, 5*j = -3*b + 13. Let a(x) = -x**2 + 5*x + 1. What is a(j)?
1
Suppose p - 8 = -p. Let u be ((6/1)/(-1))/(-2). Let h(w) = -p + u + 2*w**2 - w**2 + 5*w. Determine h(-3).
-7
Let b = 89 + -96. Let p(x) = x + 4. Calculate p(b).
-3
Let m(k) = k**3 - 2*k**2 - k - 2. Let h be m(3). Let f = h - 1. Let s(q) = 2*q - q**3 - 3*q - 5*q**3 + 5*q**f - 5*q**2. What is s(-5)?
5
Let s(j) be the third derivative of -j**6/120 - j**5/60 + j**4/6 + j**3/2 - 7*j**2. Let p be (-2)/9 - (-50)/(-18). Calculate s(p).
9
Let w(n) be the first derivative of n**3/3 + 5*n**2/2 - 7*n - 8. Determine w(-6).
-1
Let d = 20 - 17. Let v(n) = -n**2 - d*n + 4*n**3 + 2*n - 3*n**3 + 5 + 2*n. What is v(0)?
5
Let t be 36/(-12)*1/(-6). Let v(j) be the second derivative of 0 - 2*j + 7/6*j**3 - t*j**2. Determine v(1).
6
Let r = -4 - -6. Let a(o) = -o**2 + 1 + o**r - o**2 + 8*o**2. Calculate a(-1).
8
Suppose -c = 2*d - 2, 18 = -2*d + 3*c + c. Let y(m) = -2*m**3 + m**2 + m + 1. What is y(d)?
3
Let d(x) be the second derivative of -x**3/2 + 9*x**2/2 - 14*x. Calculate d(6).
-9
Let l(i) = -i**2 - 5*i + 6. Suppose -4*n - 22 = z, 5 = -3*n - 5*z - 3. What is l(n)?
0
Suppose -2 = 2*r - 3*r. Suppose -4*b + 10 = -r*m, 5*m - 19 = -2*b + b. Let s(t) = 2*t - 2. Give s(b).
6
Let n(t) = -3*t**2 - 4*t - 2. Let o be -1 + ((-2)/(-2))/1. Let q = 6 + o. Let f = q - 8. Determine n(f).
-6
Let y(w) = -w**3 - 10*w**2 - 10*w - 13. Let h be (-2)/(-2) + -11 + 1. Calculate y(h).
-4
Let o(k) be the third derivative of -k**4/12 + 7*k**3/6 - k**2. Let m(c) = 7*c - 36. Let r be m(6). Give o(r).
-5
Let k(w) = w**2 - 7*w + 8. Suppose -19*q + 24*q = 35. Determine k(q).
8
Let d(m) = 3*m - 4. Let a be d(2). Let g(u) = -u**3 + 3*u**2 - 3*u + 2. Determine g(a).
0
Let k = -10 - -12. Let s(y) = -2*y**2 + 4*y - 3. Calculate s(k).
-3
Let f(c) = c - 5 + 6 - 5. Determine f(0).
-4
Let m = -3 + 15. Let k be (-10)/(-14) - m/(-42). Let b(i) = -5*i**3 - 2*i**2 + i. Calculate b(k).
-6
Let k(b) = -b + 1. Let l(o) = -6 - 1 + 4*o - 3*o. Let n(f) = f**3 - 5*f**2 - 5*f - 2. Let u be n(6). Let z be l(u). Give k(z).
4
Let a(k) be the first derivative of k**4/4 + k**3 + k**2 + k + 1. Let x(c) = c. Let n be x(-2). What is a(n)?
1
Let f(o) be the second derivative of o**5/20 - o**4/2 - 7*o**3/6 + 3*o**2/2 + o. What is f(7)?
3
Let q = -31 - -29. Let s(t) = -3*t**2 - 4*t - 3. Give s(q).
-7
Suppose 4*s = -2*g - 7 + 3, -2*g + 4 = -4*s. Let y(w) = -8*w**3 - w. Let o(v) = v**3. Let a(z) = -2*o(z) - y(z). Determine a(s).
-7
Suppose 5*k - d - 53 - 51 = 0, 5*d = -k. Suppose 6*c - k = c. Let r(f) = -f + 8. Determine r(c).
4
Let f(l) = 15 + 18 + 6*l - 58 + l**2 + 22. Suppose 3*c - 3 = 0, -17 = 3*i - i - 5*c. Calculate f(i).
-3
Let t(y) be the second derivative of 0 + 1/60*y**6 - 1/60*y**5 + 1/6*y**3 + 0*y**4 - 2*y - 1/2*y**2. Let j(d) be the first derivative of t(d). Calculate j(1).
2
Let q(o) be the third derivative of o**7/5040 + o**6/180 + o**5/12 + 4*o**2. Let n(i) be the third derivative of q(i). Determine n(-4).
0
Let o(a) be the first derivative of -a**4/4 - 4*a**3/3 - a**2/2 - 3*a - 1. Give o(-4).
1
Let k(s) be the first derivative of -s**3/3 - 3*s**2 - s - 3. Give k(-5).
4
Let i(o) be the sec